igit of 1119192263?
1
What is the hundred thousands digit of 486211242?
2
What is the ten millions digit of 45886658?
4
What is the hundreds digit of 3496195804?
8
What is the ten thousands digit of 24751010?
5
What is the units digit of 1840193212?
2
What is the ten thousands digit of 65396252?
9
What is the ten thousands digit of 111313639?
1
What is the thousands digit of 60531638?
1
What is the millions digit of 33507439?
3
What is the thousands digit of 56465734?
5
What is the units digit of 98588564?
4
What is the millions digit of 292569126?
2
What is the billions digit of 1253600862?
1
What is the tens digit of 47505319?
1
What is the thousands digit of 100154041?
4
What is the millions digit of 232519360?
2
What is the hundreds digit of 73847336?
3
What is the units digit of 1254034569?
9
What is the ten millions digit of 98837880?
9
What is the units digit of 2689154994?
4
What is the hundreds digit of 19912085?
0
What is the thousands digit of 722201402?
1
What is the hundreds digit of 164303291?
2
What is the ten thousands digit of 1545686574?
8
What is the tens digit of 77082544?
4
What is the ten thousands digit of 2272166494?
6
What is the hundreds digit of 29737089?
0
What is the units digit of 13605236?
6
What is the hundred millions digit of 276756103?
2
What is the tens digit of 610985895?
9
What is the hundred thousands digit of 1063240009?
2
What is the hundred thousands digit of 27497537?
4
What is the hundred millions digit of 235207489?
2
What is the millions digit of 26789766?
6
What is the units digit of 602462103?
3
What is the units digit of 229539667?
7
What is the millions digit of 11282819?
1
What is the thousands digit of 459272734?
2
What is the tens digit of 1616484525?
2
What is the ten thousands digit of 299048777?
4
What is the millions digit of 3155238451?
5
What is the tens digit of 1831197?
9
What is the tens digit of 70722191?
9
What is the hundred thousands digit of 36573529?
5
What is the hundred thousands digit of 20857825?
8
What is the hundreds digit of 31056054?
0
What is the units digit of 714530027?
7
What is the ten thousands digit of 158529722?
2
What is the hundreds digit of 18208291?
2
What is the millions digit of 1287289168?
7
What is the millions digit of 75435629?
5
What is the ten thousands digit of 40536617?
3
What is the ten thousands digit of 61499524?
9
What is the hundred millions digit of 991905993?
9
What is the millions digit of 148881672?
8
What is the millions digit of 370504948?
0
What is the tens digit of 75712305?
0
What is the hundred thousands digit of 2783122985?
1
What is the thousands digit of 114032237?
2
What is the ten millions digit of 55183184?
5
What is the ten thousands digit of 313438997?
3
What is the ten millions digit of 481961872?
8
What is the ten millions digit of 10080930?
1
What is the thousands digit of 1694074439?
4
What is the hundred thousands digit of 93763014?
7
What is the millions digit of 2903866583?
3
What is the hundred millions digit of 841113213?
8
What is the thousands digit of 1493480403?
0
What is the millions digit of 2448589560?
8
What is the hundred millions digit of 638791778?
6
What is the billions digit of 4121743782?
4
What is the ten thousands digit of 165212926?
1
What is the tens digit of 462781342?
4
What is the millions digit of 344485824?
4
What is the hundreds digit of 30440399?
3
What is the units digit of 764624390?
0
What is the millions digit of 243057781?
3
What is the tens digit of 448828198?
9
What is the ten thousands digit of 162619976?
1
What is the thousands digit of 4354471811?
1
What is the ten thousands digit of 17395200?
9
What is the tens digit of 238887354?
5
What is the hundred thousands digit of 1443314345?
3
What is the hundreds digit of 184519996?
9
What is the ten thousands digit of 92119354?
1
What is the hundreds digit of 625688506?
5
What is the millions digit of 51291236?
1
What is the hundred thousands digit of 9103937?
1
What is the thousands digit of 7910105574?
5
What is the hundreds digit of 606809047?
0
What is the thousands digit of 34083374?
3
What is the tens digit of 112819811?
1
What is the millions digit of 87896491?
7
What is the tens digit of 813924371?
7
What is the hundred thousands digit of 1997195118?
1
What is the hundred thousands digit of 716741986?
7
What is the thousands digit of 1673987088?
7
What is the units digit of 192844036?
6
What is the millions digit of 207366844?
7
What is the units digit of 18222157?
7
What is the hundred thousands digit of 37670947?
6
What is the ten thousands digit of 1686331?
8
What is the hundreds digit of 518857221?
2
What is the hundred thousands digit of 1616196?
6
What is the tens digit of 123026624?
2
What is the ten millions digit of 1376765803?
7
What is the thousands digit of 25395452?
5
What is the millions digit of 160243458?
0
What is the units digit of 498199264?
4
What is the hundred thousands digit of 170762940?
7
What is the hundred thousands digit of 95200459?
2
What is the hundred thousands digit of 1751006872?
0
What is the ten millions digit of 164054655?
6
What is the thousands digit of 4457742244?
2
What is the thousands digit of 1912569579?
9
What is the millions digit of 104339193?
4
What is the tens digit of 5487885237?
3
What is the tens digit of 1934343658?
5
What is the millions digit of 9697409?
9
What is the units digit of 712033208?
8
What is the tens digit of 1640239397?
9
What is the tens digit of 44233643?
4
What is the units digit of 4052573957?
7
What is the millions digit of 2366374004?
6
What is the hundred millions digit of 660590520?
6
What is the units digit of 23220466?
6
What is the millions digit of 229087413?
9
What is the units digit of 267480283?
3
What is the hundreds digit of 970562003?
0
What is the tens digit of 3767222744?
4
What is the billions digit of 2912614740?
2
What is the ten thousands digit of 155420784?
2
What is the tens digit of 282126630?
3
What is the ten millions digit of 63549238?
6
What is the hundred thousands digit of 184562255?
5
What is the tens digit of 61327474?
7
What is the units digit of 466067999?
9
What is the hundred thousands digit of 775908131?
9
What is the hundred thousands digit of 719529579?
5
What is the thousands digit of 1055255978?
5
What is the millions digit of 79377905?
9
What is the tens digit of 794317689?
8
What is the tens digit of 891047192?
9
What is the units digit of 2724762553?
3
What is the hundred thousands digit of 58043696?
0
What is the hundred millions digit of 962490238?
9
What is the hundreds digit of 103356057?
0
What is the tens digit of 8302970?
7
What is the hundred thousands digit of 41970936?
9
What is the units digit of 19087709?
9
What is the ten thousands digit of 29859774?
5
What is the tens digit of 43018046?
4
What is the thousands digit of 1707646444?
6
What is the units digit of 605690322?
2
What is the ten thousands digit of 2806565?
0
What is the ten thousands digit of 3029736223?
3
What is the tens digit of 1409171925?
2
What is the millions digit of 45259782?
5
What is the hundreds digit of 11101732?
7
What is the hundred thousands digit of 76617486?
6
What is the hundreds digit of 638496957?
9
What is the millions digit of 99625964?
9
What is the tens digit of 158958177?
7
What is the ten thousands digit of 203774281?
7
What is the millions digit of 225834355?
5
What is the tens digit of 558993700?
0
What is the hundred thousands digit of 48762567?
7
What is the billions digit of 1073898189?
1
What is the thousands digit of 14935594?
5
What is the hundreds digit of 208695249?
2
What is the ten millions digit of 215957116?
1
What is the tens digit of 2123201097?
9
What is the hundred thousands digit of 121725726?
7
What is the hundred thousands digit of 5037696263?
6
What is the thousands digit of 1110755708?
5
What is the units digit of 101767777?
7
What is the ten thousands digit of 1949953065?
5
What is the thousands digit of 18263198?
3
What is the units digit of 747507238?
8
What is the units digit of 4453061971?
1
What is the hundred millions digit of 1220787943?
2
What is the hundreds digit of 67026531?
5
What is the units digit of 2583269719?
9
What is the ten millions digit of 114750894?
1
What is the hun